alculate the remainder when 6695 is divided by 3123.
449
Calculate the remainder when 3280 is divided by 126.
4
What is the remainder when 5255 is divided by 1407?
1034
What is the remainder when 17566 is divided by 17542?
24
What is the remainder when 760924 is divided by 275?
274
Calculate the remainder when 2623 is divided by 270.
193
What is the remainder when 3467 is divided by 46?
17
Calculate the remainder when 100959 is divided by 10.
9
Calculate the remainder when 43865 is divided by 182.
3
Calculate the remainder when 3469 is divided by 388.
365
What is the remainder when 630208 is divided by 44?
40
What is the remainder when 783483 is divided by 3?
0
Calculate the remainder when 24853 is divided by 4142.
1
Calculate the remainder when 5995 is divided by 122.
17
Calculate the remainder when 519119 is divided by 280.
279
What is the remainder when 881997 is divided by 14?
11
What is the remainder when 1942 is divided by 1942?
0
What is the remainder when 49748 is divided by 43?
40
Calculate the remainder when 150923 is divided by 207.
20
Calculate the remainder when 669643 is divided by 83.
82
What is the remainder when 150232 is divided by 702?
4
Calculate the remainder when 1332150 is divided by 89.
87
Calculate the remainder when 3769 is divided by 533.
38
What is the remainder when 39129 is divided by 182?
181
Calculate the remainder when 22967 is divided by 521.
43
Calculate the remainder when 8438 is divided by 140.
38
Calculate the remainder when 101259 is divided by 662.
635
Calculate the remainder when 94137 is divided by 1082.
3
Calculate the remainder when 14596 is divided by 4848.
52
What is the remainder when 894859 is divided by 1441?
1439
What is the remainder when 68117 is divided by 34048?
21
Calculate the remainder when 1822 is divided by 279.
148
What is the remainder when 4490 is divided by 1494?
8
What is the remainder when 11343 is divided by 5671?
1
Calculate the remainder when 1666184 is divided by 555390.
14
Calculate the remainder when 968 is divided by 3.
2
Calculate the remainder when 11627 is divided by 5727.
173
What is the remainder when 3665 is divided by 1221?
2
What is the remainder when 1144039 is divided by 740?
739
Calculate the remainder when 11324 is divided by 2229.
179
What is the remainder when 3131 is divided by 94?
29
What is the remainder when 224829 is divided by 49?
17
What is the remainder when 168760 is divided by 9924?
52
Calculate the remainder when 4712 is divided by 610.
442
Calculate the remainder when 43037 is divided by 285.
2
Calculate the remainder when 22474 is divided by 277.
37
Calculate the remainder when 263229 is divided by 192.
189
Calculate the remainder when 12227 is divided by 3055.
7
What is the remainder when 44531 is divided by 22254?
23
What is the remainder when 40724 is divided by 1938?
26
Calculate the remainder when 281 is divided by 34.
9
What is the remainder when 2177 is divided by 620?
317
What is the remainder when 11743 is divided by 98?
81
What is the remainder when 1468193 is divided by 39?
38
Calculate the remainder when 4596 is divided by 191.
12
Calculate the remainder when 3077 is divided by 869.
470
What is the remainder when 97306 is divided by 529?
499
Calculate the remainder when 2035 is divided by 23.
11
What is the remainder when 24517 is divided by 6118?
45
What is the remainder when 2569 is divided by 756?
301
Calculate the remainder when 4895 is divided by 14.
9
Calculate the remainder when 248179 is divided by 20.
19
Calculate the remainder when 2207 is divided by 76.
3
What is the remainder when 298414 is divided by 5?
4
Calculate the remainder when 15202 is divided by 3795.
22
Calculate the remainder when 9670 is divided by 686.
66
Calculate the remainder when 3391 is divided by 1053.
232
What is the remainder when 47998 is divided by 149?
20
What is the remainder when 10573 is divided by 1339?
1200
Calculate the remainder when 74611 is divided by 6776.
75
What is the remainder when 392677 is divided by 40?
37
Calculate the remainder when 148883 is divided by 11.
9
Calculate the remainder when 34357 is divided by 3526.
2623
Calculate the remainder when 10418 is divided by 17.
14
What is the remainder when 8480 is divided by 4235?
10
Calculate the remainder when 7507 is divided by 142.
123
What is the remainder when 3639 is divided by 59?
40
Calculate the remainder when 169050 is divided by 13.
11
Calculate the remainder when 114626 is divided by 124.
50
What is the remainder when 945497 is divided by 50?
47
Calculate the remainder when 7851671 is divided by 38.
35
What is the remainder when 31510 is divided by 7818?
238
What is the remainder when 184796 is divided by 600?
596
What is the remainder when 16358 is divided by 8166?
26
What is the remainder when 3366 is divided by 143?
77
Calculate the remainder when 521150 is divided by 479.
477
Calculate the remainder when 1403 is divided by 97.
45
What is the remainder when 679 is divided by 19?
14
Calculate the remainder when 1009683 is divided by 50484.
3
What is the remainder when 89538 is divided by 8138?
20
What is the remainder when 27852 is divided by 27?
15
What is the remainder when 4948 is divided by 44?
20
What is the remainder when 4443 is divided by 378?
285
What is the remainder when 9681 is divided by 36?
33
Calculate the remainder when 21083 is divided by 264.
227
What is the remainder when 113602 is divided by 229?
18
Calculate the remainder when 95808 is divided by 270.
228
What is the remainder when 202825 is divided by 2049?
2023
What is the remainder when 21596 is divided by 526?
30
Calculate the remainder when 130025 is divided by 6.
5
What is the remainder when 13016 is divided by 30?
26
Calculate the remainder when 242743 is divided by 27.
13
Calculate the remainder when 13308 is divided by 3327.
0
Calculate the remainder when 28222 is divided by 2821.
12
What is the remainder when 691884 is divided by 196?
4
Calculate the remainder when 9611 is divided by 532.
35
Calculate the remainder when 17122 is divided by 188.
14
What is the remainder when 37905 is divided by 481?
387
Calculate the remainder when 1352 is divided by 67.
12
Calculate the remainder when 92678 is divided by 1448.
6
What is the remainder when 4724 is divided by 51?
32
What is the remainder when 10111 is divided by 1684?
7
Calculate the remainder when 1645 is divided by 79.
65
What is the remainder when 10910 is divided by 195?
185
Calculate the remainder when 41950 is divided by 437.
435
What is the remainder when 14828 is divided by 201?
155
What is the remainder when 1341499 is divided by 612?
607
Calculate the remainder when 1989 is divided by 1310.
679
Calculate the remainder when 86726 is divided by 210.
206
Calculate the remainder when 41603 is divided by 177.
8
Calculate the remainder when 129850 is divided by 773.
759
Calculate the remainder when 107853 is divided by 234.
213
Calculate the remainder when 228943 is divided by 74.
61
What is the remainder when 123907 is divided by 83?
71
Calculate the remainder when 31264 is divided by 31220.
44
Calculate the remainder when 7192 is divided by 3582.
28
Calculate the remainder when 395132 is divided by 112.
108
Calculate the remainder when 254516 is divided by 12.
8
What is the remainder when 13930 is divided by 31?
11
What is the remainder when 376157 is divided by 385?
12
Calculate the remainder when 3957 is divided by 1303.
48
Calculate the remainder when 10703 is divided by 3555.
38
What is the remainder when 35298 is divided by 73?
39
What is the remainder when 6777 is divided by 295?
287
What is the remainder when 6133 is divided by 50?
33
Calculate the remainder when 9657 is divided by 9549.
108
Calculate the remainder when 39289 is divided by 19640.
9
What is the remainder when 70847 is divided by 72?
71
What is the remainder when 988 is divided by 145?
118
What is the remainder when 1902 is divided by 940?
22
What is the remainder when 16295 is divided by 872?
599
Calculate the remainder when 2895 is divided by 124.
43
Calculate the remainder when 6068 is divided by 4565.
1503
Calculate the remainder when 110307 is divided by 23.
22
What is the remainder when 114206 is divided by 19030?
26
Calculate the remainder when 5822 is di